ppose -3*j + 0*w + 6 = -3*w, -w + 28 = 4*j. What is the highest common factor of j and h?
3
Let x = -3746 + 8892. Calculate the highest common factor of x and 332.
166
Let k(t) = 17*t**3 + 3*t**2 - t. Let h = 22 + -20. Let a be k(h). Let n = a + -133. What is the highest common factor of n and 65?
13
Suppose -103*p = -5112 + 1889 - 6047. Calculate the greatest common factor of p and 750.
30
Let x = -93 + 805. Suppose x = -5*q + 2932. Suppose 2*o = -4*w + q, 3*w + 24 = -3*o + 360. Calculate the highest common divisor of w and 22.
22
Let f be 14787/1023 - (2 - (-28)/(-11)). What is the highest common divisor of 5235 and f?
15
Let t be -3 + 3 + (1 - 1). Suppose t = q - 32 - 2. Let r be 56*(-8)/56*(230/(-8) - 1). What is the highest common factor of q and r?
34
Suppose 4*v = -2*o + 4, -2*v = -2*o - 2 - 6. Suppose c - 3 - 7 = -4*n, -2*n + 10 = -2*c. Let j = v + n. Calculate the highest common divisor of j and 80.
5
Let w be 1 + -3 - (-1 + 186). Let r = -110 - w. Suppose -216*i - 26*i + 2662 = 0. Calculate the highest common factor of r and i.
11
Suppose -157*r = 156*r - 20345. Let j(l) = -2*l + 7. Let a be j(-5). Let q = 30 - a. Calculate the highest common divisor of q and r.
13
Let z(k) be the first derivative of 17*k**2 - 187*k + 33. Let q be z(8). Calculate the greatest common factor of q and 85.
85
Suppose k - 3*k = 4*h - 68, 2*k - 3*h = 89. Let i be 6 + 58 + k/(-5). What is the greatest common factor of 98 and i?
14
Suppose 55 = -3*o - 2*w, 6*o - 5*o - w = -10. Let d be (-552)/o - (-4)/(-5). Calculate the greatest common factor of 3 and d.
3
Let m(n) = 0*n - 4*n - 2*n + 48 - 9*n. Let b be m(-22). Suppose -3*f - 5*d + 54 + 97 = 0, -47 = -f - d. Calculate the greatest common factor of f and b.
42
Let g be (-8)/(-14) - (5 - 2400/112). What is the greatest common divisor of g and 1?
1
Let g be 1*1/2*-4. Let k be 1 + g + 0 - -7. Suppose 2*p - 133*r + 136*r = 90, -5*p + r + 242 = 0. Calculate the greatest common factor of p and k.
6
Suppose 128 = 3*x - 5*b + 10, 2*x - 2*b = 76. Let n(k) = -8*k + 10. Let f be n(-10). What is the greatest common divisor of x and f?
18
Suppose 5*v = 3*z + 20, 5*v - 10 = -63*z + 64*z. Calculate the greatest common divisor of v and 133.
1
Suppose -848 - 7302 = -118*u + 10848. What is the greatest common divisor of u and 77?
7
Suppose 12*h = -3*r + 13*h + 31, 0 = r - 2*h + 3. What is the highest common factor of r and 7787?
13
Let v = -24247 + 24263. Calculate the highest common factor of v and 68.
4
Suppose 190*l + 348491 = 201*l. Calculate the highest common factor of l and 13.
13
Let g = 25285 - 21745. Calculate the greatest common factor of 60 and g.
60
Let c(t) = t**3 - t + 3. Let z(h) = -4*h**3 - 13*h**2 + 15*h + 2. Let i(j) = -5*c(j) - z(j). Let a be i(12). What is the highest common divisor of 280 and a?
7
Let r(n) = 95*n - 1841. Let p be r(20). Calculate the greatest common factor of p and 2419.
59
Let r = 5682 - 5667. Let w = 16 + -4. Suppose -8 = d - 5*y + 2, -w = -3*y. Calculate the greatest common factor of d and r.
5
Let x be 4/(-12) - (-4362)/18. Let v = -125 + x. Let j = -12 + 25. What is the highest common factor of j and v?
13
Let k be 14*(1 - 187/(-2)). Let z = -1260 + k. Suppose -5*y + 45 = 10. Calculate the greatest common divisor of y and z.
7
Suppose -11*l + 5163 = 3348. What is the greatest common divisor of l and 15?
15
Suppose 3*t + 2*t = 0. Suppose -11*l + 18*l - 62 = -24*l. Suppose t = -l*v + 5 + 43. Calculate the greatest common factor of 12 and v.
12
Let b(o) = -2*o**3 + 11*o**2 - 8*o + 11. Let f be b(5). Let v be 654*(-2)/(-15) - f/5. What is the greatest common divisor of 66 and v?
22
Let h(z) = 13*z + 4. Suppose 3*q = -k - 5, -k + 2*q + 16 = 1. Let m be h(k). Let s = 901 - 863. Calculate the highest common factor of m and s.
19
Let n be 2 - -10*(-1)/2. Let j(b) = -b - 7. Let l be j(n). Let h be 9/(-12) - (1 - (-47)/l). What is the greatest common divisor of 110 and h?
10
Let t(q) = -q**3 + 18*q**2 + q - 15. Let o be t(18). Suppose 3*u + 7 = 4*l, 6*u + 5*l - 29 = o*u. What is the highest common factor of u and 33?
3
Let t = 853 - -547. What is the highest common divisor of 42 and t?
14
Let a = -15723 - -15932. Calculate the highest common divisor of a and 209.
209
Let t be (17 + 1)/((-6)/(-4)). Let n = 458 + -428. Suppose -12*x + 24 = -9*x - 5*z, -5*x + 5*z + n = 0. What is the greatest common factor of x and t?
3
Let s be 7 - 382221/(-45) - 4/5. Suppose 26*g - s = 1978. Calculate the highest common factor of g and 13.
13
Let l be 2/(15/(-72)*3 + (-24)/(-32)). What is the highest common divisor of l and 1336?
8
Let o(i) be the second derivative of -13*i**3/3 - 113*i**2/2 + 113*i. Let c be o(-10). What is the greatest common factor of 84 and c?
21
Let g be ((-15)/12)/(2/(-104)). Suppose 0 = -d - 2*m + 18, 2*d + 14 - 46 = -5*m. Suppose 3*n + d = 4*n. Calculate the highest common divisor of g and n.
13
Let r be -13 + (3 - -1) - 38/(-2). What is the greatest common factor of r and 6260?
10
Suppose 21*m - 145 = -61. Let b = 75 - 7. Calculate the highest common divisor of m and b.
4
Let u be 434/(-1)*(-10)/20. Let p = -998 - -1005. Calculate the highest common factor of u and p.
7
Let n be (-4 + 2)/(-2)*-7. Let g(m) = m**2 + 6*m - 1 - 2 - 1. Let h be g(n). What is the greatest common divisor of 2 and h?
1
Suppose 0 = 2*h - 2*d - 6, -h - h - 2*d + 26 = 0. Suppose -s - 455 = -h*s. Suppose 12*x = 7*x + s. Calculate the greatest common divisor of x and 117.
13
Suppose 80 = f - 0*k + 5*k, 0 = -3*f - 3*k + 300. Let t = 35036 - 34976. What is the highest common divisor of t and f?
15
Let h be (27 - 87)*(3/12 - 327/60). What is the greatest common factor of h and 1352?
104
Let y be 7 + (-1 + 2)*-1. Let c(z) = 8*z**3 - 5*z**2 + 6*z + 4. Let q be c(4). Let j = 462 - q. Calculate the highest common factor of j and y.
2
Suppose 0 = 5*c + 5*v - 2*v - 270, 0 = -c - 5*v + 54. Suppose 72 = 4*w - 4*f, 0 = -140*w + 136*w - f + 72. Calculate the highest common divisor of c and w.
18
Let h = -932 - -1051. Calculate the greatest common divisor of 1904 and h.
119
Suppose 0 = 20*j + 2505 - 66505. What is the greatest common factor of 425 and j?
25
Let m be ((-91)/35 - -2)*(-11)/((-44)/(-180)). Let b be (-58)/18 - 10/(-45). Let u be b + 42/((-2)/(-1)). What is the highest common factor of u and m?
9
Suppose -10*z = -5*z - 2*g - 72, 81 = 5*z - g. Let r be (-3)/(-2) + (-2)/(-4). Calculate the greatest common factor of r and z.
2
Let w be (-5212)/(-6) + (7 - 3 - (-140)/(-30)). Calculate the highest common factor of w and 182.
14
Let j = -9252 - -9675. Calculate the greatest common factor of 6157 and j.
47
Suppose -14112 = 511*s - 525*s. Calculate the highest common factor of s and 24.
24
Let y = 4 + -1. Let a be (4 - (-52)/(-12))/(1/(-231)). Let u = a - 74. What is the highest common divisor of y and u?
3
Let p(y) = y**3 - 17*y**2 + 71*y + 23. Let n be p(9). Calculate the greatest common divisor of 1176 and n.
14
Suppose -2*r + 1621 - 3216 + 1625 = 0. Let d(i) = -67*i + 1. Let b be d(-2). Calculate the highest common factor of b and r.
15
Let v(q) be the first derivative of -13*q**4/4 + q**2 + 2*q + 6. Let z be v(-1). Suppose -g = -2*g + 26. What is the greatest common divisor of g and z?
13
Suppose 60*n - 39522 = 39272 + 63046. What is the highest common divisor of 12 and n?
12
Let u = -25760 - -26566. Let o be -1 + 64 - (9 + -8). Calculate the greatest common divisor of u and o.
62
Let h be 268 - (4 - -1)*1. Let l = 277 - h. Calculate the highest common factor of 518 and l.
14
Suppose 0 = -5*n + 594 + 46. Let x = 2334 - 2174. What is the highest common divisor of n and x?
32
Let y be (0 - -183 - 4) + 1. Calculate the greatest common factor of 3 and y.
3
Suppose -5*h - 9673 = -k + 2848, 3*k + h = 37643. What is the greatest common factor of 82 and k?
82
Suppose -5*a - 174*o = -179*o - 2860, -5*a - 5*o + 2810 = 0. Calculate the greatest common divisor of 105 and a.
21
Let h = 537 + -523. Let k = 127 + -99. Calculate the highest common divisor of k and h.
14
Let h be (-265265)/(-91) + 10 + 1 + -7. Calculate the greatest common factor of 35 and h.
7
Suppose 13 = 6*b - 5. Let g be 15/6 + (-3)/6. Suppose 3*i - 9 = 3*n, -33 = -5*i + n - g*n. Calculate the highest common divisor of b and i.
3
Let q = 404 - 285. Suppose -3*